24 - 349. Suppose 58*c - a*c - 153 = 0. Give f(c).
9
Let f(p) = 2*p**2 - 7*p - 9. Let n be f(-3). Suppose -27*h - 6 = -n*h. Let d(o) = -541*o**h + 3 + 542*o**2 - 2*o + 5*o. Determine d(-2).
1
Suppose 0 = 31*o + 31 + 62. Let y be 1 + 2 + (1 - -1). Let w(g) = g**2 + g + 3. Let u(q) = -q**2 - q - 3. Let t(h) = y*w(h) + 6*u(h). Determine t(o).
-9
Let z(h) = h**3 + 13*h**2 + h + 14. Let x be z(-13). Let o(l) = -68*l**2 - l + 2. Give o(x).
-67
Let z = -16424 - -16423. Let y(u) = 13*u**3. Calculate y(z).
-13
Let h(t) = 2 + 17*t**2 - 7 - 1 - 16*t**2. Let y be h(-3). Let w(x) = x - 7*x**2 + x**2 + x**y + 10*x**2. Determine w(-4).
-4
Let w(b) = 2*b - 6. Let v be (-8)/(-20) + 233/5. Suppose 0 = -4*a, -3*l + 2*l + 4*a = -4. Let k be v/6 - (-3)/72*l. Give w(k).
10
Let b(t) = -t - 2. Let m(a) = 12 + 11 - 3. Let h(j) = b(j) + m(j). Determine h(0).
18
Let m(z) = -2*z + 8. Suppose -4*a - 393 = 5*w, 11*w - 6*w - 286 = 3*a. Let l = -89 - a. What is m(l)?
-8
Let d(q) be the first derivative of -3*q**2/2 + 70*q - 8233. Determine d(18).
16
Let x(a) be the first derivative of -3*a**2/2 - 46*a - 1845. Calculate x(-26).
32
Let c = 105 - 166. Let i = c - -65. Suppose -13 = i*u + r - 0, 3*r = 4*u + 9. Let p(a) = -a**3 - 2*a**2 + 3*a - 2. Determine p(u).
-2
Let p(b) be the second derivative of -13*b**3/3 - 2*b + 1274. Calculate p(1).
-26
Let p(w) = -6 + 33*w - 29*w**2 - 44*w**2 + 72*w**2 - 55*w - w**3. What is p(0)?
-6
Suppose 178 = -y - r, -3*r = 5*y - r + 905. Let p = 188 + y. Let f(j) = j**3 - 6*j**2 + 5*j + 2. Determine f(p).
2
Let k(w) = -31. Let f(g) = -2*g + 74. Let h(t) = -f(t) - 2*k(t). Determine h(3).
-6
Let w(p) = 32*p**2 - 3*p. Let l = -9021 + 9020. What is w(l)?
35
Let h be (-18 - 962/(-52))*-2*7. Let l(k) = 32*k + 225. Calculate l(h).
1
Suppose -3*a - 23*w + 20*w + 15 = 0, -3*a + 5*w + 39 = 0. Let h(o) be the first derivative of o**3/3 - 9*o**2/2 + 11*o - 2. Give h(a).
3
Let q(s) = s. Let b(j) = -j**2 - 2*j - 4. Let p(l) = b(l) + 4*q(l). Let m be (36/9 - 3)/((-3)/3)*-5. Give p(m).
-19
Let a(h) = h**3 + 5*h**2 - 10*h + 4. Suppose 0 = -t + 25*j - 24*j - 6, -4*t = -j + 24. Determine a(t).
28
Let p = 338 + -306. Let s(z) = 134*z - 38*z - 6 - 33*z - 30*z - p*z. Suppose k = -3*d + 31, -3*d + 11 + 16 = -3*k. Calculate s(d).
4
Let r be 1/6 + 5 + 2/(-12). Suppose 0 = 3*q - 9, 5*q = r*h - 76 - 164. Let f(g) = -1 + 31*g + 23*g - h*g. Determine f(3).
8
Let d(i) = -i**3 - i**2 - 31. Let y be (-22 + 0 - -22)/4. Calculate d(y).
-31
Let k(t) = -9*t**2 + 12*t - 16. Let h(n) = -14*n**2 + 13*n - 15. Let y(q) = 2*h(q) - 3*k(q). What is y(-6)?
42
Let d = 102 + -84. Suppose 12*l = 6*l - d. Let p(k) be the first derivative of -k**4/4 - k**3 - 3*k**2/2 - 4. Determine p(l).
9
Let i(b) = 17*b**3 - b**2 + 1. Let m(o) = o**2 + 40*o + 230. Let l = 376 + -383. Let f be m(l). Determine i(f).
-17
Let f be (-48)/32 - (-6)/4. Suppose 29*s - 17*s = f. Let v(h) = -h**2 + 3*h + 3. Let q(p) = p**2 - 4*p - 4. Let y(w) = -3*q(w) - 4*v(w). Give y(s).
0
Let t(f) = 5 + 8324*f**2 - 6 + 3*f + f**3 - 8318*f**2. Suppose -13 = 2*k + a, -2*k + 6*a - 8*a - 16 = 0. Calculate t(k).
9
Suppose 3*q + 111 + 81 = 0. Let s = q - -70. Let h(a) = -a**2 + 5*a + 1. What is h(s)?
-5
Let c(u) = 2*u - 1. Let p(n) = -n + 9. Let g(w) = 3*c(w) + p(w). Let k(d) = 7*d + 11. Let x(h) = -5*g(h) + 3*k(h). What is x(3)?
-9
Let g(o) be the first derivative of o**3 - o**2/2 - 3. Let j(y) = 2*y**3 - 3*y**2 + 23*y - 47. Let k be j(2). Calculate g(k).
24
Suppose -143*n = -151*n + 256. Let m be (-88)/(-12) - (-1)/(-3). Let r be m + (-392)/n - 2/(-8). Let v(y) = 2*y - 1. Give v(r).
-11
Let g(y) be the third derivative of -y**6/60 - y**5/60 - y**4/24 + 5*y**3/6 + 2045*y**2. Calculate g(2).
-17
Let h(q) = q**3 - 22*q**2 + 19*q + 39. Let m be (-2 - -3)*(73 - 52). Determine h(m).
-3
Let b(r) = -17*r**3 - 19*r**2 - 13*r + 1. Let l be b(-1). Let x(u) = u**2 - 8*u - 68. What is x(l)?
-20
Let m = 6 - 8. Let v(f) be the first derivative of 1/2*f**2 + 2*f - 1/3*f**3 + 296. Determine v(m).
-4
Let r = -25508 - -25508. Let u(d) = d - 1. Let f(t) = -30. Let o(b) = -f(b) - u(b). Give o(r).
31
Let r(l) = l**2 - 10*l - 30. Suppose -2*o + 0*o = 2*p - 970, -5*p + 5*o = -2385. Suppose -p = -4*d - 33*d. Give r(d).
9
Let a(f) = 4595 - 9187 + 4586 + 10*f**2 - f**3 - 3*f. Calculate a(9).
48
Suppose 7*t - 9 = -2*t. Let q(w) = -41*w**3 + 2*w - 2. Let k be q(t). Let m = -41 - k. Let h(v) = v + 12. Give h(m).
12
Let k be (-102)/48*-2*(-136)/(-2). Let d = 289 - k. Let q(n) = -n. Determine q(d).
0
Let f(h) be the second derivative of 39*h + 0 + 1/12*h**4 - 5/3*h**3 - 15/2*h**2. Give f(11).
-4
Let k(l) = l**2 + 4*l - 4. Let i = 158 - 161. Let t be k(i). Let y(o) = 2*o + 7. Calculate y(t).
-7
Let n(v) = -3*v - 8. Let i be 1 + (-22)/((-198)/27). Give n(i).
-20
Let n(v) be the second derivative of -14*v**2 + 1/24*v**4 + 9*v + 0 + 1/3*v**3. Let z(k) be the first derivative of n(k). Determine z(-3).
-1
Let p(q) = -10*q - 5. Let g(h) = 22*h + 148 + 132 - 269. Let x(w) = -6*g(w) - 13*p(w). Determine x(-1).
1
Suppose f + 695 - 739 = -3*f. Let v(w) = -w**3 + 12*w**2 - 13*w - 11. Determine v(f).
-33
Let s(w) = 3531 - 3585 - 9*w - 3*w + 0*w. Let l be s(-5). Let k(y) = -y**3 + 4*y**2 + 14*y + 2. Calculate k(l).
14
Let v(p) be the first derivative of 0*p + 13/2*p**2 - 1/6*p**3 - 7 - 1/24*p**4. Let x(w) be the second derivative of v(w). Determine x(-7).
6
Let w(l) = 4*l + 64. Suppose -99*n + 203*n - 121*n = 255. Give w(n).
4
Let m be (-32)/(-2) - (-4)/((-6)/3). Suppose 50 = -4*p + m. Let d(o) = 2*o + 23. Let q be d(p). Let c(s) = -s - 1. Give c(q).
-6
Suppose 6*v + 4 = 2*v. Let u(t) be the first derivative of -6*t**3 + 0*t**3 + 363 - 375. Give u(v).
-18
Let c(m) be the first derivative of 5/2*m**2 - 1/3*m**3 + 26 + 3*m. Give c(6).
-3
Let v(n) = 3*n**2 - 61*n - 42. Let r be v(21). Let y(i) = -19 - i - 36 + 77 - 20. What is y(r)?
2
Let m be (8/6 + -2)/(32/(-2160)). Let f be (-315)/m*(-16)/14. Let a(i) = -3*i**2 + 25*i - 11. Determine a(f).
-3
Let a(k) = 4*k**2 - 19*k + 11. Suppose 17*p + 2 = -117. Let s(w) = -9*w**2 + 42*w - 23. Let m(h) = p*a(h) - 3*s(h). What is m(7)?
-8
Let g(i) be the third derivative of i**4/24 + 25*i**2 + 28. Let u = 15 + -22. Give g(u).
-7
Let d(o) = 2*o**2 + 12*o - 3. Suppose 2*a - 5 = -5*q, 245*a - 250*a - 37 = -4*q. What is d(a)?
-13
Let p(a) = a**3 + 2*a**2 + a - 14. Let b be p(0). Let w(d) = -d - 7. Let n be w(b). Let m(k) = -5*k + 3 + 1 - n. Calculate m(-2).
7
Suppose 37 - 70 = -3*d. Let q(a) = 6 + a + d*a - 11*a. Let p = 1 + -7. Give q(p).
0
Let f(r) be the second derivative of r**4/12 + 17*r**3/2 + 281*r**2 + 2287*r. What is f(-35)?
2
Let h be 1 - ((-2 - 0) + 2). Let u(m) = 3*m**3 + 2*m**3 + 2*m**2 - 6*m**3 - h. Let w be (-20)/(-15)*384/512. Give u(w).
0
Let f(g) = -g**3 + 8*g**2 - 7*g - 7. Suppose 3*w - 2*u + 7*u = 55, -58 = -4*w + u. Let l = -8 + w. Give f(l).
-7
Let q(s) = -s**3 + 7*s**2 - 7*s + 42. Let n(h) = -h**2 + 76*h + 1812. Let a be n(-19). Determine q(a).
-7
Let c(l) = 4*l + 22. Suppose -5*m = u - 3*u + 30, -21 = 4*m - u. Let k be c(m). Let h(y) be the second derivative of 2*y**3/3 - y**2/2 + 2*y. Calculate h(k).
23
Let t(h) = -7*h**2 + 32*h + 27. Let y(c) = c**2 - 4*c - 9. Let k(s) = -t(s) - 6*y(s). Calculate k(6).
15
Let a(c) = 4*c**3 - 16*c**2 + c + 12. Let o be a(5). Let n(l) = -122 + l + o + 2*l - 4*l. What is n(-6)?
1
Let t(l) = 3*l**3 + 2*l**2 - 7*l + 4. Let v(x) = -7*x**3 - 3*x**2 + 15*x - 7. Let j(z) = 9*t(z) + 4*v(z). Calculate j(6).
-10
Let u = -7841 - -7847. Let j(m) = -m**2 - 3*m + 52. What is j(u)?
-2
Let l be 2/(-3)*810/(-60). Let v(a) = -2*a + 8. Let d(j) = 5*j - 23. Let c(m) = 3*d(m) + 8*v(m). What is c(l)?
-14
Let i be 1/(-8) + 94815/504. Let g = 185 - i. Let c(p) = 6*p + 4. Let a(k) = 5*k + 3. Let o(r) = -5*a(r) + 4*c(r). Give o(g).
4
Let k(c) be the first derivative of 11*c**2/2 + 8*c + 1746. Calculate k(-4).
-36
Let l = 63 + -30. Let b = 36 - l. Let g(y) = b - 1 + 0 + 14*y - 15*y. Calculate g(7).
-5
Let j(d) be the second derivative of -d**5/20 + d**4/2 + 2*d**3/3 + 7*d**2/2 - 17855*d. Suppose 0 = 8*n - 3*n + 10. Let c = 5 - n. Calculate j(c).
-14
Let f(u) be the third derivative of -5*u**4/24 - 6*u**3 + u**2 + 690*u. Determine f(-5).
-11
Let j(p) = p**2 + 10*p. Suppose -11 = -3*s + 4*a + 7, 0 = -4*s + 3*a + 24. Su